8 + 15/6. What is the highest common factor of x and f?
2
Let l(d) = d**2 - 2*d - 6. Let g be l(0). Let x = 85 - g. Let j = -62 + x. What is the greatest common divisor of j and 145?
29
Let c(o) = 23*o**2 + 6*o + 7. Let u be c(-3). Let j = u + -164. Let y be (-2)/(-9) - (-2876)/18. Calculate the greatest common factor of j and y.
32
Let k = -19142 + 19204. Suppose -2*n + 5*v - 30 = 0, 0 = n + 2*v + v + 26. Let g = n + k. What is the highest common factor of 168 and g?
42
Let v(u) = -3*u**3 - 10*u**2 + 7*u + 14. Let m be v(-4). Suppose 12*c = m*c - 4050. Calculate the greatest common factor of c and 25.
25
Suppose 40 = 5*q + 2*j + 3*j, -3*q - 5*j + 34 = 0. Suppose 2*k + 1985 = q*m, 2*m + 4*k - 6*k - 1320 = 0. Calculate the highest common divisor of 35 and m.
35
Let f be (-4)/(8/(-1))*2 - -51. Suppose 0 = -36*l + f*l - 576. Calculate the greatest common factor of l and 12.
12
Suppose 0 = -16*j - 1338 + 378. Suppose -f + 4*f + 120 = 0. Let v = f - j. What is the highest common divisor of v and 5?
5
Suppose 41 = -3*d + 2*u + 2*u, -4*d + u - 33 = 0. Let w be -1*(-45 + d) - 0. Calculate the greatest common divisor of 4 and w.
4
Suppose 2*f = -4*t + 5556, 0 = -242*f + 238*f - 4*t + 11140. What is the greatest common factor of 32 and f?
8
Let o(z) = z**3 - 28*z**2 - 55*z + 156. Let j be o(30). Calculate the highest common factor of j and 867.
51
Suppose -539 = 5*g + 3*j - 588, -2*j - 10 = -2*g. Let x = -1 + 0. Let r be 33 - (0 - 1)*x. What is the greatest common factor of g and r?
8
Let z(c) = 214*c**2 - 18*c - 38. Let q be z(-2). What is the greatest common factor of q and 244?
122
Suppose 3*d = 4*f - 471, 3*d + 3 = 2*f - 234. Let s(o) = 4*o**2 + 127*o + 46. Let j be s(-32). What is the greatest common factor of f and j?
39
Let x(w) = 6*w**2 - 65*w + 385. Let u be x(7). Calculate the greatest common factor of 378 and u.
14
Let t(y) = 13*y - 109. Let z be t(8). Let v be 3 + z + 4 - 2*-97. Calculate the highest common factor of v and 245.
49
Suppose 4*k = 12, 3*w + 5*k = -0*k + 27. Suppose j - w*j = -6. Let z be 2*(0 - j)*21*-2. What is the greatest common divisor of 21 and z?
21
Suppose f - 5*r - 63 = 0, -r + 121 = 3*f + r. Let w be (2/((-4)/(-13)))/(14/1204). What is the highest common divisor of w and f?
43
Let i = -3028 + 3063. Calculate the greatest common factor of 63 and i.
7
Suppose -13*w - 208 = -676. Suppose -2*t + d + 12 = 0, -5*t + 3*d - 6*d = -30. Suppose -11*p + t*p + 20 = 0. Calculate the highest common divisor of p and w.
4
Suppose 16 - 4 = x. Let n = 19 - x. Let g = -1571 + 1648. Calculate the greatest common factor of g and n.
7
Let j be 33/(-22)*(-1 + -39). Let r(z) = 21*z - 81. Suppose -3*d + 21 = 6. Let n be r(d). Calculate the highest common divisor of j and n.
12
Let t(x) = -150*x - 5. Let o be t(-1). Let d = o - 19. Suppose -y + w + 2*w = -3, 5*y + 5*w - 55 = 0. What is the greatest common factor of y and d?
9
Suppose 0 = 4*y - 4*s - 132, -2*y - 555*s = -554*s - 57. Calculate the highest common factor of y and 276.
6
Suppose -3*t + 2*f - 15 = 0, f - 15 = -31*t + 35*t. Let g(r) = -100*r + 42. Let d be g(t). What is the highest common factor of d and 18?
18
Let o(j) = j**2 + 46. Let s be o(0). Let q be 24/28 - 5372/(-119). What is the highest common factor of s and q?
46
Let i = -124 - 16. Let b = i + 150. Calculate the highest common factor of 160 and b.
10
Let x be ((-3650)/(-750))/(1/54) - (-24)/20. What is the greatest common divisor of 1782 and x?
66
Let c = -223 + 223. Suppose -2*q = -c*q - 92. Calculate the highest common factor of 230 and q.
46
Let g be 11/(-33) - (-10)/3. Suppose r = g*k + 106, 2*r + 3*k - 184 = 2*k. Suppose -r = -9*z + 113. Calculate the highest common divisor of z and 184.
23
Suppose 0 = x - u + 2, -4*x + 1 = 5*u - 36. Suppose x*t - 6*t = -204. Calculate the greatest common divisor of 34 and t.
34
Suppose -3*o - 195 = -3*c, 3*c + 176 - 363 = o. Let p(v) = 5*v**3 + 3*v**2 - 4*v - 5. Let g be p(6). What is the greatest common divisor of g and c?
61
Let w be 2/(-5) - 366/(-15). Suppose w = 4*s - 5*v, v = -s - 2*v + 23. Let a be ((-10)/(-6))/(-20*57/(-7524)). Calculate the greatest common divisor of a and s.
11
Let i(t) = t**3 + 16*t**2 - 76*t + 62. Let u be i(-18). What is the highest common factor of u and 276?
46
Let v(z) = z**2 + 5*z - 21. Let a be (-40 - -49)/(0 + -1). Let u be v(a). Calculate the greatest common divisor of u and 9.
3
Let p = 373 - 580. Let t = p + 291. Let h = -28 + t. Calculate the greatest common factor of h and 28.
28
Let n be (-300)/975 - 944/(-26). Calculate the highest common factor of 1197 and n.
9
Suppose -186 = -7*r + 52. Suppose -32*j - 166 = -r*j. Suppose -4*o - j = -w, 0*w + 379 = 5*w - 2*o. Calculate the greatest common divisor of 50 and w.
25
Suppose -54*t + 321 = -705. Let d = 5 - 3. Let x be d/((12/57)/2). What is the greatest common divisor of t and x?
19
Let i be 1/(1 + 3346/(-3360)). What is the greatest common factor of i and 930?
30
Let x be ((-1455)/15)/(-4 + 3). Let t = 148 + x. What is the greatest common factor of 98 and t?
49
Suppose -43982 = -2*v - 5*n, -2*n - 387 + 395 = 0. Calculate the greatest common divisor of 51 and v.
51
Suppose 24*r + 1861 = 4*r + 2341. What is the highest common factor of r and 2648?
8
Let f(b) = -4*b**2 + 43*b - 7. Let q = -72 + 82. Let u be f(q). Calculate the highest common factor of u and 92.
23
Let a(c) = -c**3 - 3*c**2 + 10*c + 6. Let d be a(-5). Suppose -f - 675 = -d*f. Calculate the highest common factor of f and 15.
15
Let q be (-2)/6 - 235/(-3). Let p be (-2 - -4)*1998/(-36). Let h = 228 + p. Calculate the greatest common factor of q and h.
39
Let o be (-6)/4*(-340)/6. Suppose 175 + o = 10*q. Suppose -8*v = -9*v + q. What is the greatest common factor of v and 65?
13
Let k be (-4)/5*(-771 + 19 + -13). Calculate the greatest common factor of k and 544.
68
Suppose 4*w - 3244 = -4*x, w - 4*x - 827 = -9*x. Let q = w - 400. Calculate the greatest common factor of 37 and q.
37
Let k = 20083 + -18471. What is the highest common factor of k and 868?
124
Suppose -d = 4*d - 20. Suppose -16*m + 85 = -11*m. Suppose 13*b - 32 = -4*x + m*b, 4*x - 2*b = 24. Calculate the highest common divisor of x and d.
4
Let d(c) = 3*c**3 + 74*c**2 + 96*c - 69. Let r be d(-23). Calculate the highest common factor of r and 4324.
92
Let j(g) = -14*g + 175. Let p = -220 - -228. Let d be j(p). Let n(m) = -7*m**3 - m**2 - 2*m - 1. Let o be n(-1). What is the highest common factor of d and o?
7
Let l(y) = -6*y - 87. Let j be l(-22). Suppose 96*i - j = 91*i. Let m be 56/8 + 4/2. What is the highest common factor of m and i?
9
Let y(f) = f**3 + 11*f**2 - 104*f + 18. Let c be y(-17). What is the greatest common divisor of c and 176?
4
Let d = -13126 - -13129. Suppose 0*y + 272 = 2*y. Suppose -3*o + 4*k = -86, -5*o - d*k + y = -6*k. What is the greatest common divisor of 91 and o?
13
Let q be (84/15)/(-18 + 20896/1160). Suppose 0 = 5*r - 277 - 13. What is the highest common factor of q and r?
58
Suppose -2*k - 17 = 1. Let f = k + 157. Calculate the greatest common divisor of 4 and f.
4
Suppose -481 + 1611 = 17*y - 1471. Calculate the highest common factor of 18 and y.
9
Suppose -y - 30 = -4*y. Let m(r) = 2*r**3 + 26*r**2 - 137*r - 12. Let z be m(-17). Let f be (-3)/(14/36 - z/y). Calculate the highest common factor of 27 and f.
27
Let s(n) = 4*n**2 + 5*n + 171. Let u be s(-17). Let z be (-10 - -9) + (u/3 - 0). Calculate the highest common divisor of z and 7.
7
Let o = 5 + -17. Let k = -14 - o. Let m(w) = -20*w + 4. Let b be m(k). Calculate the greatest common divisor of 264 and b.
44
Let w be (-8)/(208/(-507))*(240/9)/4. What is the highest common factor of 13754 and w?
26
Suppose -2*g - 12 = 32. Let t = g + 12. Let x be 6/t + 1395/75. What is the greatest common factor of 48 and x?
6
Suppose -2*g + 114 - 42 = 0. Suppose -14*v + 12*v + 42 = 3*a, v - a - 26 = 0. Suppose 17*k = 15*k + v. Calculate the greatest common divisor of k and g.
12
Let k be 3/4*(61 - 1). Suppose 5*a - 6*a = -k. Let w(o) = -31*o - 233. Let x be w(-8). Calculate the greatest common divisor of x and a.
15
Let m(j) = j**2 + 27*j + 131. Let q be m(-20). Let p be q/(-12)*-2*(-66)/9. What is the greatest common factor of p and 253?
11
Let c = -506 + 506. Suppose -2*o - 5*f + 8 = -f, c = 3*f